ded by 47.
45
What is the remainder when 667 is divided by 168?
163
What is the remainder when 182 is divided by 25?
7
What is the remainder when 2285 is divided by 456?
5
Calculate the remainder when 76 is divided by 17.
8
What is the remainder when 3091 is divided by 34?
31
Calculate the remainder when 193 is divided by 13.
11
Calculate the remainder when 17 is divided by 9.
8
What is the remainder when 178 is divided by 14?
10
What is the remainder when 98 is divided by 68?
30
Calculate the remainder when 860 is divided by 96.
92
Calculate the remainder when 1780 is divided by 177.
10
What is the remainder when 1098 is divided by 55?
53
Calculate the remainder when 2958 is divided by 63.
60
Calculate the remainder when 1010 is divided by 327.
29
Calculate the remainder when 35 is divided by 13.
9
What is the remainder when 198 is divided by 17?
11
Calculate the remainder when 254 is divided by 130.
124
What is the remainder when 1603 is divided by 318?
13
What is the remainder when 266 is divided by 17?
11
What is the remainder when 243 is divided by 97?
49
What is the remainder when 12274 is divided by 124?
122
What is the remainder when 323 is divided by 130?
63
Calculate the remainder when 1036 is divided by 61.
60
What is the remainder when 227 is divided by 126?
101
Calculate the remainder when 48 is divided by 1.
0
Calculate the remainder when 690 is divided by 77.
74
What is the remainder when 984 is divided by 58?
56
What is the remainder when 79 is divided by 48?
31
Calculate the remainder when 490 is divided by 203.
84
Calculate the remainder when 2113 is divided by 23.
20
What is the remainder when 770 is divided by 13?
3
What is the remainder when 259 is divided by 1?
0
Calculate the remainder when 560 is divided by 128.
48
What is the remainder when 304 is divided by 128?
48
Calculate the remainder when 6107 is divided by 130.
127
What is the remainder when 339 is divided by 20?
19
What is the remainder when 1808 is divided by 67?
66
What is the remainder when 912 is divided by 61?
58
Calculate the remainder when 218 is divided by 54.
2
Calculate the remainder when 5230 is divided by 8.
6
Calculate the remainder when 3087 is divided by 11.
7
Calculate the remainder when 21755 is divided by 23.
20
Calculate the remainder when 29 is divided by 23.
6
Calculate the remainder when 790 is divided by 88.
86
Calculate the remainder when 325 is divided by 33.
28
Calculate the remainder when 93 is divided by 20.
13
What is the remainder when 142 is divided by 16?
14
Calculate the remainder when 77 is divided by 47.
30
What is the remainder when 68 is divided by 14?
12
What is the remainder when 687 is divided by 23?
20
Calculate the remainder when 664 is divided by 19.
18
Calculate the remainder when 130 is divided by 49.
32
What is the remainder when 397 is divided by 40?
37
What is the remainder when 135 is divided by 17?
16
What is the remainder when 117 is divided by 11?
7
Calculate the remainder when 448 is divided by 31.
14
Calculate the remainder when 914 is divided by 102.
98
Calculate the remainder when 3926 is divided by 1958.
10
What is the remainder when 1585 is divided by 225?
10
Calculate the remainder when 110 is divided by 6.
2
What is the remainder when 310 is divided by 34?
4
What is the remainder when 85 is divided by 19?
9
Calculate the remainder when 645 is divided by 108.
105
Calculate the remainder when 225 is divided by 14.
1
What is the remainder when 111 is divided by 46?
19
What is the remainder when 142 is divided by 84?
58
Calculate the remainder when 194 is divided by 41.
30
Calculate the remainder when 1978 is divided by 110.
108
What is the remainder when 62 is divided by 14?
6
Calculate the remainder when 726 is divided by 27.
24
Calculate the remainder when 7639 is divided by 27.
25
Calculate the remainder when 1739 is divided by 12.
11
What is the remainder when 3010 is divided by 432?
418
What is the remainder when 208 is divided by 4?
0
Calculate the remainder when 119 is divided by 25.
19
What is the remainder when 402 is divided by 13?
12
Calculate the remainder when 666 is divided by 110.
6
What is the remainder when 338 is divided by 38?
34
Calculate the remainder when 24 is divided by 13.
11
What is the remainder when 672 is divided by 332?
8
Calculate the remainder when 1149 is divided by 283.
17
What is the remainder when 426 is divided by 89?
70
What is the remainder when 391 is divided by 33?
28
Calculate the remainder when 31 is divided by 4.
3
What is the remainder when 330 is divided by 111?
108
Calculate the remainder when 250 is divided by 45.
25
Calculate the remainder when 1318 is divided by 25.
18
What is the remainder when 572 is divided by 33?
11
What is the remainder when 749 is divided by 30?
29
What is the remainder when 311 is divided by 67?
43
Calculate the remainder when 231 is divided by 69.
24
Calculate the remainder when 1494 is divided by 486.
36
Calculate the remainder when 214 is divided by 43.
42
Calculate the remainder when 803 is divided by 266.
5
Calculate the remainder when 224 is divided by 115.
109
Calculate the remainder when 1321 is divided by 63.
61
What is the remainder when 144 is divided by 73?
71
Calculate the remainder when 133 is divided by 38.
19
What is the remainder when 10219 is divided by 73?
72
Calculate the remainder when 376 is divided by 45.
16
What is the remainder when 1298 is divided by 148?
114
What is the remainder when 304 is divided by 42?
10
What is the remainder when 36 is divided by 8?
4
Calculate the remainder when 534 is divided by 8.
6
What is the remainder when 8931 is divided by 6?
3
What is the remainder when 14 is divided by 5?
4
What is the remainder when 414 is divided by 32?
30
Calculate the remainder when 976 is divided by 55.
41
What is the remainder when 145 is divided by 104?
41
Calculate the remainder when 1397 is divided by 6.
5
What is the remainder when 269 is divided by 47?
34
What is the remainder when 2838 is divided by 80?
38
What is the remainder when 149 is divided by 50?
49
What is the remainder when 167 is divided by 24?
23
What is the remainder when 102 is divided by 96?
6
Calculate the remainder when 5749 is divided by 73.
55
What is the remainder when 459 is divided by 6?
3
Calculate the remainder when 987 is divided by 23.
21
What is the remainder when 93 is divided by 49?
44
Calculate the remainder when 168 is divided by 83.
2
What is the remainder when 1231 is divided by 206?
201
What is the remainder when 194 is divided by 79?
36
What is the remainder when 152 is divided by 52?
48
Calculate the remainder when 67 is divided by 14.
11
Calculate the remainder when 139 is divided by 47.
45
What is the remainder when 75 is divided by 14?
5
What is the remainder when 21975 is divided by 27?
24
What is the remainder when 62 is divided by 38?
24
What is the remainder when 1197 is divided by 50?
47
What is the remainder when 1020 is divided by 14?
12
Calculate the remainder when 923 is divided by 14.
13
Calculate the remainder when 890 is divided by 271.
77
What is the remainder when 49 is divided by 11?
5
Calculate the remainder when 67 is divided by 6.
1
What is the remainder when 608 is divided by 200?
8
What is the remainder when 4408 is divided by 21?
19
What is the remainder when 2543 is divided by 35?
23
What is the remainder when 153 is divided by 27?
18
Calculate the remainder when 1942 is divided by 130.
122
What is the remainder when 80 is divided by 27?
26
Calculate the remainder when 3995 is divided by 9.
8
Calculate the remainder when 181 is divided by 46.
43
What is the remainder when 241 is divided by 54?
25
What is the remainder when 1333 is divided by 94?
17
Calculate the remainder when 193 is divided by 22.
17
Calculate the remainder when 14649 is divided by 148.
145
What is the remainder when 175 is divided by 8?
7
What is the remainder when 15919 is divided by 29?
27
What is the remainder when 5819 is divided by 60?
59
Calculate the remainder when 118 is divided by 41.
36
What is the remainder when 1581 is divided by 22?
19
What is the remainder when 1845 is divided by 66?
63
What is the remainder when 572 is divided by 83?
74
What is the remainder when 31 is divided by 30?
1
Calculate t